- 4845, 4*y + 1796 + 3049 = 5*o. List the prime factors of o.
3, 17, 19
List the prime factors of 459744/416 - (-10)/(-65).
5, 13, 17
Let d(j) = 453*j**3 - 7*j**2 + 88*j - 336. List the prime factors of d(4).
2, 3, 7, 43
Let q(n) = 9543*n**2 + 65*n - 61. List the prime factors of q(1).
9547
Suppose 5*y = 4*q - 994 - 8403, 5*q = 5*y + 11745. List the prime factors of q.
2, 587
Let r be ((-9)/3)/((-6)/40). Suppose 6*m - r = 2*m. Suppose 0 = -5*v + 3*f + 201, v + m*f - 33 = 2*f. What are the prime factors of v?
3, 13
Let s(m) = 418*m - 1856. List the prime factors of s(26).
2, 3, 751
Let q(c) = -c**3 - 16*c**2 - 13*c + 45. Let y be q(8). List the prime factors of (-1 - y) + 4 + -5 + -1.
2, 199
Let d(j) = -4*j - 17. Suppose -2*m - 3*m = 3*z + 60, -4*m - 5*z = 48. Let l be d(m). Suppose 18 = o - l. What are the prime factors of o?
7
Let k(r) = 31*r**2 + 68*r + 68. List the prime factors of k(-14).
2, 11, 59
Let a be 1422*1/(4 + -3). Suppose a = 34*t - 28*t. What are the prime factors of t?
3, 79
What are the prime factors of 6/(-10) + 948372/20 + -15?
3, 23, 229
Let a = 8593 + -6698. What are the prime factors of a?
5, 379
List the prime factors of (-480555)/(-236) + ((-7)/(-4))/(-7).
2, 509
Let v be 2/(-10) + (-22 - 2496/(-80)). Let s(h) = -41*h + 7. Let n be s(-9). Suppose i + n = v*i. List the prime factors of i.
47
Suppose -16 + 61 = -5*q. What are the prime factors of (6/q)/(36/(-378))?
7
Let d(u) = 41*u**2 - 12*u + 40 - 20*u + 29 + 27*u. List the prime factors of d(6).
3, 5, 101
Let d(a) = 16360*a**2 + 23*a + 26. List the prime factors of d(-1).
16363
Suppose 2*z + 2*x = z - 8, -21 = 2*z + 3*x. Let p = -16 - z. Suppose 0 = n + p*o - 135 - 47, n - 164 = 4*o. What are the prime factors of n?
2, 11
Let i = -96 + 271. Suppose -38 = 4*v - 4*w - 278, -i = -3*v + 2*w. Let m = 72 - v. What are the prime factors of m?
17
Suppose -378266 = -38*v + 214847 + 94953. What are the prime factors of v?
19, 953
What are the prime factors of (84805/(-14))/5*(3 - 17)?
7, 2423
Let z(j) = -j. Let y(x) = -4*x**2 - 13. Let w(u) = -y(u) - 3*z(u). Suppose -3*f = -5*g + 15, -2*g - 4*f = -3*g - 14. What are the prime factors of w(g)?
5, 7
Let c(s) = 6*s**2 + 3*s - 4. Let a be c(1). Suppose 0 = a*o - 7*o + 6. Let w(v) = 6*v**3 + 4*v**2 - 5. What are the prime factors of w(o)?
193
Let m(c) = -7762*c + 170. What are the prime factors of m(-1)?
2, 3, 661
Suppose -17*l + 0*l + 139862 = 8486. What are the prime factors of l?
2, 3, 7, 23
Let a = -10021 - -12531. What are the prime factors of a?
2, 5, 251
Let t(c) be the first derivative of -3*c**2 + 18*c - 347. Suppose -40 = 5*i + 5*n, -2*i - 4*n - 2 = -i. List the prime factors of t(i).
2, 3, 13
Let f = 33103 + -18977. What are the prime factors of f?
2, 7, 1009
Suppose -r - 5*x = 11 - 17, -5*r + 2*x + 30 = 0. Suppose r*v - 10744 = -172. What are the prime factors of v?
2, 881
Let d(k) = -99*k - 14 - 23 - 14 + 55. List the prime factors of d(-4).
2, 5
Let r(z) = -353*z - 33. Let o be r(-2). Let j = o - -238. List the prime factors of j.
911
Suppose -5*a - 21 - 9 = -5*z, -5*z + 28 = -4*a. Suppose s + 53 = -3*v, 0 = -s - z*s - v - 321. Let h = 155 + s. List the prime factors of h.
2, 3, 5
Let n = -1068 - -3122. What are the prime factors of n?
2, 13, 79
Suppose -32585 = -5*z + v, -z + 5*v = -6454 - 39. What are the prime factors of z?
2, 3259
Let z = -4799 + 15239. List the prime factors of z.
2, 3, 5, 29
Let x(n) = 51*n**2 + 11*n - 28. Let c be x(3). Let z be (4/(-8))/(2 + (-926)/c). Let g = z + 285. List the prime factors of g.
13
Let o(f) be the second derivative of f**5/20 + 5*f**4/4 - 5*f**3/6 + 13*f**2 - 21*f. List the prime factors of o(-12).
2, 7, 37
Suppose 4*n = -f + 6, 3*n - 8*n = -3*f + 1. Suppose -5*m - 3*j = -f*m - 969, 3*m - 2*j = 959. What are the prime factors of m?
3, 107
Let u = -552 + 556. Suppose -4*q - 5*k + 3684 = 0, 0 = 4*q + u*k - 1128 - 2552. What are the prime factors of q?
2, 229
Let b(z) = -z**3 + 22*z**2 + 49*z - 14. Suppose 0 = 63*h - 70*h + 154. What are the prime factors of b(h)?
2, 7, 19
Suppose -2*i = -3*l + 3095 + 1049, 2*l - 5*i - 2748 = 0. Suppose -4*f + 4*h + l = 0, h + 1268 = 3*f + 228. What are the prime factors of f?
347
Let u = 57 - 54. Suppose 2*m - 5*i = -u*m + 590, -2*m - 5*i = -208. Suppose 5*n = 694 - m. List the prime factors of n.
2, 29
Let y = 33 + -30. Suppose y = 3*q - 18. Suppose 10*v - q*v - 525 = 0. What are the prime factors of v?
5, 7
Suppose 0 = -3*i - 2*p + 335, 330 = -4*i + 2*p + 800. Suppose l + 209 = 4*g, 0*g + g = 5*l + 57. Let f = i - g. List the prime factors of f.
3, 7
Suppose -3*t - 5*f + 78233 = 0, f + 26075 = -2263*t + 2264*t. List the prime factors of t.
2, 3, 41, 53
Let v = -7 + 15. Suppose 2*o + 132 = v*o. Let r(z) = 9*z - 9. What are the prime factors of r(o)?
3, 7
Let q = -15214 - -21866. List the prime factors of q.
2, 1663
Suppose 3*c = -q + 15, -33 = -3*q - q - 3*c. Let t be (9/(-6))/(q/(-616)). What are the prime factors of -1 - 2/(-6) - t/(-6)?
5
Let r(d) = -136 - d**2 + 4*d**2 + 4*d + 90 + 70. List the prime factors of r(-8).
2, 23
Suppose 34 = -2*k + 44. Suppose -2*h - 4*c + 334 = 0, 413 = k*h + 4*c - 410. What are the prime factors of h?
163
Let z(d) = 2546*d - 787. List the prime factors of z(2).
3, 5, 7, 41
Let q(u) = u**2 + 28*u + 379. What are the prime factors of q(-9)?
2, 13
Suppose 4*q - 3348 = -3*m, -4*m = 4*q - 3509 - 947. What are the prime factors of m?
2, 277
Let y be (-5)/(-5)*(-1 - -21). Let t = 411 + y. List the prime factors of t.
431
Let d(a) = a**2 - 12*a - 4. Let k be d(12). Let j be 152/32 + 3/k. Suppose 76 = j*m - 56. List the prime factors of m.
3, 11
Let k(u) = 0*u + 7*u + 2*u**2 + 8*u + 567 - 560. What are the prime factors of k(-17)?
2, 3, 5, 11
Suppose -w + 2*y - 4*y = -4810, 0 = 2*w + 5*y - 9619. Suppose 2*a + w = -2*n, 2*a - n = -4218 - 600. List the prime factors of a/(-32) - 1/4.
3, 5
Let h(j) = -j**3 + 34*j**2 - 8*j + 108. What are the prime factors of h(33)?
3, 311
Suppose 3*k - 18567 = -0*k - y, -5*k + 4*y = -30962. List the prime factors of k.
2, 5, 619
Suppose 4*x - 5*k - 18676 = -2211, -x - 2*k + 4126 = 0. List the prime factors of x.
2, 5, 103
Suppose 3*b - 3*c = 0, -3*c + 4 = -0*b + b. Let a be b/(-2)*(3 + -29). Suppose a*o = 12*o + 71. List the prime factors of o.
71
Let x be 2/(-10) - (-240)/75. Suppose 0 = a + x*a + n - 2, -a - 5*n = 9. Let c(g) = 66*g**2 - 2*g + 3. List the prime factors of c(a).
67
Let g(u) = 6*u**2 + 3*u. Let m be g(2). What are the prime factors of (m/6 - -1) + 143?
149
Suppose m + 7*b + 23 = -2*m, 0 = -5*b - 25. Suppose -m*f - 3*r = -259, -2*r + 17 = f - 44. List the prime factors of f.
67
Let b(v) = -2*v**3 + 65*v**2 - 15*v + 100. What are the prime factors of b(31)?
2, 1259
Suppose -4*s - 888 = 2*z, -3*z - 4*s = z + 1776. Suppose 13*g = -7 - 45. List the prime factors of 1/((g/z)/1).
3, 37
Let u(c) = -c**2 - 60*c + 2687. List the prime factors of u(-87).
2, 13
Suppose -100*x = -49*x - 50*x - 12416. What are the prime factors of x?
2, 97
Let q be (26 - 19)*(8/14)/(-2). What are the prime factors of 0 - 1 - 53/q*4?
3, 5, 7
Suppose 0 = u - 4*u + x + 47497, -u + 3*x + 15835 = 0. List the prime factors of u.
2, 1979
Let w(p) = -2*p**2 + 22. Let y be w(-4). List the prime factors of (4/y)/(1/100*-2).
2, 5
Let w be 10/(3 + 3 + (-5361)/894). Let s = -1895 + w. List the prime factors of s.
5, 7, 31
Let n(x) = -3*x - 8. Let s be n(-4). Suppose -4*r + 13 = 3*q, s*q + r = 3*r + 10. Suppose 5*b = -q*i + 189, 4*b - 146 = 5*i - 10*i. List the prime factors of b.
3, 13
Suppose 0 = -2*b + 6*u - 3*u + 30684, 61384 = 4*b + 2*u. What are the prime factors of b?
3, 5, 11, 31
Let z(m) = -7 + 0*m + 21*m**2 + 1 - 8 + 9*m. List the prime factors of z(-6).
2, 43
Let o(b) be the third derivative of -b**6/120 + b**4/24 - 9*b**3 + 7*b**2. Let c be o(0). Let l = c + 98. What are the prime factors of l?
2, 11
Let n(a) = -18*a - 7. Let j = -4 - -51. Suppose -4*y + 3*s + 8 = 31, -j = 4*y + 5*s. What are the prime factors of n(y)?
137
Let i(c) = 14*c - 73. Let w be i(6). Let u(z) = 44*z - 162. What are the prime factors of u(w)?
2, 7, 23
Suppose 5*q = -3*w + 4588, -4*w + 511 = 3*q - 5610. Let t = w + -1062. What are the prime factors of t?
7, 67
Suppose 4*z + 2*t - 32998 = 0, 24724 = 3*z + 95*t - 90*t. List the